4)/171. Let a = q - -222. What is the remainder when a is divided by 16?
0
Let u be (50/(-40))/((-1)/(-4)). Let l = u - -8. Suppose 78 = -o + l*o. Calculate the remainder when 114 is divided by o.
36
Let s = -3310 + 3329. Calculate the remainder when 1764 is divided by s.
16
Let i = -1413 + 1448. Calculate the remainder when 194 is divided by i.
19
Suppose 27*y = -j + 24*y + 10, 2*j = -5*y + 21. Let i be (5 - 2) + 12/4. Suppose -63 = -3*o + i. What is the remainder when o is divided by j?
10
Let f = 16 + -6. Let s(u) = -u**3 + 11*u**2 + 5*u + 90. What is the remainder when f is divided by s(12)?
4
Let s = -370 + 564. Calculate the remainder when s is divided by (-53781)/(-6895) - 32/(-10).
7
Suppose -142 = -6*h + 182. Let t(z) be the third derivative of z**5/15 + 11*z**3/6 + z**2 - 2*z. What is the remainder when t(-8) is divided by h?
51
Let q(s) = -2*s**3 + 106*s**2 + 4*s + 156. Calculate the remainder when q(53) is divided by 144.
80
Let n = 144 + -144. Suppose -4*c - c + 2*l = n, c - 3*l + 13 = 0. Suppose 0*x + 5*r = 3*x - 28, c*x - 17 = 3*r. What is the remainder when x is divided by 1?
0
Let c(g) = 9*g - 38. Suppose -6*k = -389 + 341. What is the remainder when c(8) is divided by k?
2
Suppose -2*s = -p + 145, 8*s - 290 = -2*p + 10*s. What is the remainder when p is divided by 64?
17
Suppose 0 = -1762*f + 1719*f + 129. Let s(x) = x**2 - x - 3. Calculate the remainder when s(-3) is divided by f.
0
Let s be 44/(-10)*(0 + 5). Let a = 68 + -30. Let y = s + a. What is the remainder when y is divided by 6?
4
Let z = -541 + 546. Suppose 4*c - 32 = -u + 27, 0 = c - z. Calculate the remainder when 818 is divided by u.
38
Let z(k) = k**3 + 15*k**2 + 112*k + 524. What is the remainder when 652 is divided by z(-5)?
10
Suppose 12*g - g = 13035. Suppose -453 = -13*w + g. Let d = 135 - w. Calculate the remainder when d is divided by 6.
3
Let l be 2/(((-52)/1272)/(-13)). Calculate the remainder when (l/(-16))/(1/(8/(-3))) is divided by 3*1/(-2)*-8.
10
Suppose -218*l + 60806 = -303791 - 14069. What is the remainder when l is divided by 12?
9
Let z(y) = y**3 - 23*y**2 + 20*y + 47. Let p be z(22). Suppose 9*o = -5*v + 14*o + 225, 4*v - 173 = -p*o. Calculate the remainder when 166 is divided by v.
34
Suppose z + 4*l = 47 + 24, 3*l - 76 = -z. What is the remainder when z is divided by 5*3/9*6?
1
Let n = -13 - 28. Let i = 77 + n. What is the remainder when 70 is divided by i?
34
Suppose -2*y = 2*k - 606, -y + 907 = -987*k + 990*k. What is the remainder when k is divided by 6?
2
Let y = 38 + -41. Let k = -65 + 105. What is the remainder when k is divided by (-12)/y - (6/(-2) + 1)?
4
Let f(u) = -u**3 + u**2 + u - 2. Suppose 0 = -14*m - 38 + 10. Let j(z) = -z**3 + z**2 + 6*z + 7. Calculate the remainder when f(-3) is divided by j(m).
3
Suppose 16*b - 23*b = -161. Suppose 2*o = 19*y - b*y + 3168, -y + 2*o + 792 = 0. What is the remainder when y is divided by 61?
60
Let y be (-495)/25 + 4/5. Let s = y + 22. Suppose 0 = -i - 2*t + 23, s*i = 2*t - 3*t + 44. Calculate the remainder when i is divided by 2.
1
Suppose -47*g = -29*g - 2340. Calculate the remainder when 636 is divided by g.
116
Let m be 8/12 - (-22)/(-6) - -671. Let z = 773 - m. What is the remainder when z is divided by 36?
33
Suppose 7*a - 3*a - 20 = 0. Suppose 3*l = 3*n + a*l - 67, 76 = 4*n - 4*l. Let y = n + 27. What is the remainder when y is divided by 25?
23
Let k be (-44)/(-77)*7/2. Suppose k*y - 7 = 5. Let s(z) = -z**3 + 25*z**2 + 16. What is the remainder when s(25) is divided by y?
4
Let v = 285 - 233. Calculate the remainder when 103 is divided by (0 - v/4)/(2/(-4)).
25
Let r be 20/4 - 35/5. What is the remainder when 166 is divided by (-83)/r + (-19)/(-38)?
40
Let w = -19 + 23. Suppose -5*f - 2*d + 6*d = -116, 3*f - w*d = 68. What is the remainder when ((-18)/8 - 2)*-56 is divided by f?
22
Let f be ((-108)/(-30) - 3)*(1 - -4). Suppose 5*m = 5*l - 1405, -f*m + 587 = l + l. Calculate the remainder when l is divided by 24.
22
Let q = 2410 + -650. What is the remainder when q is divided by 147?
143
Let t(u) = -u**3 - 81*u**2 - 832*u - 208. What is the remainder when t(-70) is divided by 53?
51
Suppose 0 = -b + 4*h + 21, h + 0 = 4. Calculate the remainder when b is divided by 19.
18
Let z(n) = 5*n**2 + 11*n + 7. Let m be 0 - (-4)/(-6)*(-30)/4. Let o be z(m). What is the remainder when 64 is divided by o/8 - (-15)/(-40)?
18
Suppose -w - 3*w + 20 = 0. Suppose 3*p - 2 - 52 = 0. Calculate the remainder when 2/(-4)*-6 + 43 + w is divided by p.
15
Let u = -4908 + 6880. Suppose -11*r = 47*r - u. Let p(s) = 3*s + 2. Calculate the remainder when r is divided by p(3).
1
Calculate the remainder when 212 is divided by (258/(-6))/((10 - 5) + -6).
40
Suppose 3*m = -7*w + 2*w + 31, -22 = -2*m - 2*w. Let h = 25 - m. Calculate the remainder when -5*1/(-10)*362 is divided by h.
12
Let l(m) = -11 + 19 - 5 - m - 7. Calculate the remainder when 327 is divided by l(-19).
12
Suppose -4*s - w + 24 = -3*w, -5*s = -5*w - 25. Suppose -3*c + 1 - s = 0. What is the remainder when 64 is divided by (33/c)/(24/(-32))?
20
Let y(r) = r**2 - 19*r + 174. Let k be y(8). Calculate the remainder when 211 is divided by (0 - k/5)*(-25)/10.
39
Let l = 2319 - 1950. What is the remainder when l is divided by 15?
9
Let t be -13 + -2 + (0 - 1). Let v = t - -24. Suppose v*u - 66 = 5*u. Calculate the remainder when 130 is divided by u.
20
Let f be (-159)/(-9) + (-47)/(-141). Suppose 0 = f*q - 1860 - 1524. Suppose 2*d + 15 - 69 = 0. What is the remainder when q is divided by d?
26
Suppose 2*v = 3*q - 223, -5*q = -v - 429 + 48. Calculate the remainder when 321 is divided by q.
13
Let z = -23533 - -23757. What is the remainder when z is divided by 10?
4
What is the remainder when -15*(-5)/(-15) - (-99125)/25 is divided by 32?
24
Suppose -8 = 3*h - 11, h = -5*a + 436. Let g(u) = 3*u + 9. What is the remainder when a is divided by g(5)?
15
Suppose 29*x - 50 = 27*x. Suppose 16 = o - 3*s, 21*s = x*s + 12. What is the remainder when 47 is divided by o?
5
Suppose y - 4*t + 42 = 0, -19*y + 22*y - t = -71. Let i = 43 + y. What is the remainder when (-6)/10 + (-586)/(-10) is divided by i?
16
Let x = -123 - -182. Suppose -2*j + 583 = -5. Let t = -274 + j. What is the remainder when x is divided by t?
19
Let w = -52 + 191. Let i be -3*w/(-12)*-4. Let y = i + 221. What is the remainder when y is divided by 42?
40
Let h(f) = -4*f**2 + 266*f + 127. What is the remainder when h(63) is divided by 218?
137
Let w(j) = -91*j + 1259. Calculate the remainder when w(-5) is divided by 52.
50
Let d(g) = 54*g**3 - 9*g**2 + 8*g + 18. Calculate the remainder when d(3) is divided by 49.
47
Suppose 4*p = -4*g + 14800, 0 = 792*p - 795*p - 2*g + 11102. What is the remainder when p is divided by 95?
92
Let t = 5984 - 5878. Calculate the remainder when t is divided by 19.
11
Let x = -110 - -169. Suppose 462 = -1001*u + 1022*u. What is the remainder when x is divided by u?
15
Let g(x) = x**2 + 4*x + 21. Suppose 0 = 5*u + q + 27, -6*u + 4*u + 4*q = 2. What is the remainder when g(u) is divided by 16?
10
Suppose -2160 = -110*u + 10160. Suppose -2*z - 88 = -3*h - h, -z = 2*h - 52. Calculate the remainder when u is divided by h.
16
Let n(g) = g - 44. Let m be n(48). Suppose m*q - 2*q - 2*k = 438, -880 = -4*q + 3*k. What is the remainder when q is divided by 14?
13
Suppose -5*l = 5*o - 0*l - 1275, 4*l = -2*o + 510. Calculate the remainder when o is divided by 58.
23
Suppose 2*u = -608 + 754. Let v(s) = 4*s - 47. What is the remainder when u is divided by v(18)?
23
Suppose 112*r - 1341 = 115*r. Let l = r + 457. What is the remainder when l is divided by 8?
2
Let z = 117 - 92. Suppose 7*v - 136 = -10. Calculate the remainder when z is divided by v.
7
Let t = 30082 - 29917. What is the remainder when 2626 is divided by t?
151
Let u(k) = 30*k + 5. Let j(d) = 4*d - 11. Suppose -32 = -10*r + 6*r. Calculate the remainder when u(4) is divided by j(r).
20
Suppose -5*y = 4*k - 29592, -k + 103*y = 102*y - 7380. Calculate the remainder when k is divided by 308.
304
Let o(n) = -14*n**3 - 18*n**2 - n - 5. Let k be o(-5). Suppose 0 = -2*y + 5*c + 650, -k = -4*y - 12*c + 14*c. Calculate the remainder when y is divided by 66.
61
Let h be 49*6/(-12)*2. Let w = 1 + 8. What is the remainder when (-3 -